{"id":65,"date":"2024-06-16T20:42:51","date_gmt":"2024-06-16T18:42:51","guid":{"rendered":"https:\/\/www.vertex-elagage.com\/?page_id=65"},"modified":"2024-06-17T12:37:19","modified_gmt":"2024-06-17T10:37:19","slug":"dessouchage","status":"publish","type":"page","link":"https:\/\/www.vertex-elagage.com\/index.php\/dessouchage\/","title":{"rendered":"Dessouchage"},"content":{"rendered":"\n<p>Nous pouvons retirer totalement ou partiellement les souches d\u2019arbres pour pouvoir replanter ou \u00e9viter certains d\u00e9g\u00e2ts li\u00e9s au d\u00e9veloppement des racines superficielles.<\/p>\n\n\n\n<p>Nous utilisons une rogneuse de souche pour effectuer le travail en profondeur.<\/p>\n","protected":false},"excerpt":{"rendered":"<p>Nous pouvons retirer totalement ou partiellement les souches d\u2019arbres pour pouvoir replanter ou \u00e9viter certains d\u00e9g\u00e2ts li\u00e9s au d\u00e9veloppement des racines superficielles. Nous utilisons une rogneuse de souche pour effectuer le travail en profondeur.<\/p>\n","protected":false},"author":2,"featured_media":141,"parent":0,"menu_order":0,"comment_status":"closed","ping_status":"closed","template":"","meta":{"footnotes":""},"class_list":["post-65","page","type-page","status-publish","has-post-thumbnail","hentry","entry"],"_links":{"self":[{"href":"https:\/\/www.vertex-elagage.com\/index.php\/wp-json\/wp\/v2\/pages\/65","targetHints":{"allow":["GET"]}}],"collection":[{"href":"https:\/\/www.vertex-elagage.com\/index.php\/wp-json\/wp\/v2\/pages"}],"about":[{"href":"https:\/\/www.vertex-elagage.com\/index.php\/wp-json\/wp\/v2\/types\/page"}],"author":[{"embeddable":true,"href":"https:\/\/www.vertex-elagage.com\/index.php\/wp-json\/wp\/v2\/users\/2"}],"replies":[{"embeddable":true,"href":"https:\/\/www.vertex-elagage.com\/index.php\/wp-json\/wp\/v2\/comments?post=65"}],"version-history":[{"count":2,"href":"https:\/\/www.vertex-elagage.com\/index.php\/wp-json\/wp\/v2\/pages\/65\/revisions"}],"predecessor-version":[{"id":158,"href":"https:\/\/www.vertex-elagage.com\/index.php\/wp-json\/wp\/v2\/pages\/65\/revisions\/158"}],"wp:featuredmedia":[{"embeddable":true,"href":"https:\/\/www.vertex-elagage.com\/index.php\/wp-json\/wp\/v2\/media\/141"}],"wp:attachment":[{"href":"https:\/\/www.vertex-elagage.com\/index.php\/wp-json\/wp\/v2\/media?parent=65"}],"curies":[{"name":"wp","href":"https:\/\/api.w.org\/{rel}","templated":true}]}}